 2*m. What are the prime factors of m?
13, 19
Let o be (9 - 2) + -3 - 1. Let m(r) = -r**3 + 4*r**2 - r - 3. Let y be m(o). Suppose 4*p - 64 = p + 4*l, -2*l = y*p - 76. List the prime factors of p.
2, 3
Let f(h) be the third derivative of 11*h**5/60 - h**4/24 + h**3/2 - 9*h**2. What are the prime factors of f(3)?
3, 11
Let r = 550 + 2042. What are the prime factors of r?
2, 3
Let q = 53 - 8. What are the prime factors of 93*6/q*5?
2, 31
Let w(x) = 8 + 0 + 6*x - 7*x. Let o be w(6). What are the prime factors of 92/o*2/4?
23
Let y(d) = 5*d + 2. Suppose 3*w + 0*w + 5*q - 22 = 0, 2*w - 18 = -5*q. What are the prime factors of y(w)?
2, 11
Let u be (-11 + -1)*(-21)/(-28). Let x = u - 13. Let i = -4 - x. List the prime factors of i.
2, 3
Let b(z) = 1090*z**2 - 13*z + 13. List the prime factors of b(1).
2, 5, 109
Let q(u) = u**3 + 6*u**2 - 7*u + 4. Let x be q(-7). Suppose x = y + 5*c, 1 = c + 6. List the prime factors of y.
29
Suppose 45 + 11 = 8*u. Suppose -u*v = 3*v - 140. List the prime factors of v.
2, 7
Suppose -4*q - 2*t = -14 - 0, 2*q - 37 = 5*t. Let y be q/10 + (-28)/5. Let g = 2 - y. List the prime factors of g.
7
Suppose -18729 = -114*k + 109*k - 2*x, 0 = k - 5*x - 3735. What are the prime factors of k?
5, 7, 107
Let z(y) = -y**3 + 7. Let s(p) = -p - 3. Let b be s(12). Let l be (-5)/b*(0 - 0). What are the prime factors of z(l)?
7
Let j = -377 + 478. What are the prime factors of j?
101
Suppose -3*r - 3*j = -69, 0*r + 2*r = 4*j + 34. Suppose -2*v = v - r. Suppose v = w + 2*x - 0, x + 4 = w. List the prime factors of w.
5
Let p(s) = 3*s**3 + 2*s**2 - 2*s + 5. Let c be p(2). Let u = c + 65. What are the prime factors of u?
2, 7
Suppose 42 + 30 = 4*h. Let n = -8 + h. List the prime factors of n.
2, 5
Suppose 5*a + o = 4125, 5*a = -o + 2*o + 4125. Suppose 5*f - a = 5*r, f = 2*r + 154 + 15. List the prime factors of f.
7, 23
Suppose -3*d + 2*s - 25 = -8*d, -d = 4*s - 23. Let f(u) = 22*u**2 + 5*u + 2. List the prime factors of f(d).
5, 43
Let d be (1 + -7)/(6/8). List the prime factors of 2/d - (-1738)/8.
7, 31
Suppose 2*w - 5*m = 4149, -4137 = -2*w - 27*m + 28*m. What are the prime factors of w?
3, 13, 53
Suppose -5*u = -d - 1888, 5*u + 2*d + d - 1876 = 0. Let f = u - 217. What are the prime factors of f?
2, 5
Let i = -21 + 25. Let g be 1*1/2*4. Suppose 6 + 42 = g*d + 3*k, i*d - 5*k = 118. List the prime factors of d.
3
Suppose 11*x + x = -48. List the prime factors of (-32)/(2*x/16).
2
Let v(l) = l**2 - 12*l + 25. Let z be v(10). Suppose -5 = 2*i + 5, -173 = -2*k + z*i. Let o = k - 35. List the prime factors of o.
3, 13
Let f = 3543 - 2287. What are the prime factors of f?
2, 157
Suppose 6*m - 431 = 1039. What are the prime factors of m?
5, 7
Let p = 22 - 20. Suppose -s - 9 = -2*s + p*w, 0 = -4*s - 5*w - 29. List the prime factors of 10 - (2 + -1 + s).
2, 5
Let p = -2 + 2. Suppose 4*y - 7*y = p, -y = 3*u + 18. Let m = 9 - u. List the prime factors of m.
3, 5
Suppose -r + 150 + 36 = 0. Let g = r - 84. List the prime factors of g.
2, 3, 17
Let p be (-235)/(-45) + (-4)/18. Suppose p = y, 4*y - 75 = -4*i + 285. Let c = -21 + i. What are the prime factors of c?
2
Let k = -843 - -3072. What are the prime factors of k?
3, 743
Suppose 9*o = 14508 - 198. What are the prime factors of o?
2, 3, 5, 53
Suppose o - 3*v = 5, -3*o + 5*v + 10 = -1. Let u = -8 - -13. Suppose 49 = b + o*b + 4*i, 2*b - u*i - 25 = 0. List the prime factors of b.
3, 5
Let v = 253 - 383. Let p = -1444 + 1629. Let g = p + v. What are the prime factors of g?
5, 11
Suppose 3114 = 5*j + 4*k, 0 = -4*j - 8*k + 6*k + 2490. What are the prime factors of j?
2, 311
Let u(x) = x**3 + 11*x**2 + 10*x + 5. Let c be u(-10). Suppose -c*m = -m - 144. Suppose 25 = 5*f, 0*w - 4*f = -4*w + m. What are the prime factors of w?
2, 7
Let b(l) = -l**3 + 15*l**2 - 13*l - 3. Let g be b(13). Suppose 5*t + g = n + t, -498 = -3*n + 4*t. What are the prime factors of n?
2, 83
Let l be ((-5)/10)/(1/(-6)). Suppose 5*c + 115 = z, l*c = 3*z - 18 - 339. Suppose 0 = 10*v - 13*v + z. What are the prime factors of v?
2, 5
Let d = 30 - 25. Let w be 8/(-20) + 32/d. What are the prime factors of (-8 + w)*(-1 - 8)?
2, 3
Suppose -5*u = 7*s - 2*s - 6165, -4*u = 3*s - 3703. What are the prime factors of s?
1229
Let b(p) = p**3 + 16*p**2 - p - 66. What are the prime factors of b(-13)?
2, 227
Suppose 4*u = 22 - 6. Suppose -5*a - p = -11, -3*a + 11 = u*p + p. Suppose 3*d = a*d + 24. List the prime factors of d.
2, 3
Suppose -5*f - q = -4667, 9*f - 2*q - 4676 = 4*f. List the prime factors of f.
2, 467
Let x = 94 + -101. Let f(k) = -k**2 - 18*k + 6. What are the prime factors of f(x)?
83
Let j(w) = -w**3 - 9*w**2 - w - 7. Let p be j(-9). Let z(d) = 2*d**p + 6 - 3 - 2. List the prime factors of z(-3).
19
Let f = -1805 + 3443. What are the prime factors of f?
2, 3, 7, 13
Let j be 0/1 + -1 - -5. Suppose j*z - 26 = 42. What are the prime factors of z?
17
Let s(h) be the second derivative of -5*h**4/6 - 3*h**2/2 - 7*h. Let i be s(3). Let q = i + 131. List the prime factors of q.
2, 19
Suppose -9099 = 31*x - 40*x. List the prime factors of x.
3, 337
Let z(g) = -g**3 - 8*g**2 - 9*g - 7. Let n = 23 - 19. Suppose -f + 0*f - 3*b = 16, 2*f = -n*b - 26. List the prime factors of z(f).
7
Suppose -4*y - 8*t + 16584 = -5*t, -4*y + 4*t + 16612 = 0. What are the prime factors of y?
3, 461
Suppose 0 = -4*v - 0*v + 5*y - 377, -4*y - 12 = 0. Let w = -32 - v. Suppose 0 = -5*h + w + 69. What are the prime factors of h?
3
Suppose 6*m + 84800 = 31*m. List the prime factors of m.
2, 53
Let p(y) = -4 + 19*y - y - 5*y. What are the prime factors of p(3)?
5, 7
Let z(t) = t**3 + 3*t**2 - 2*t + 2. Let d be z(-3). Suppose -d*y = -5*y - 189. What are the prime factors of y?
3, 7
Suppose -8*r + 1638 = -594. Suppose 0 = -2*d, -4*z + d + r = -z. What are the prime factors of z?
3, 31
Let g = -224 + 728. List the prime factors of g.
2, 3, 7
Suppose -100 = -12*g + 32. What are the prime factors of g?
11
Let j(w) = -34*w + 1. Let k(l) = -l**3 - 8*l**2 - 7*l - 2. Let x be k(-7). List the prime factors of j(x).
3, 23
Let p(j) = -j**2 + 4*j + 3. Let a be p(3). Suppose -a*d + 1 = -11. What are the prime factors of 22 + d/5*5?
2, 3
Suppose 20*s - 18561 = -4981. List the prime factors of s.
7, 97
Let o(j) = j - 2. Let a be o(4). Suppose a*f - 1 = 3. List the prime factors of 57/9 - f/6.
2, 3
Let t = 0 - -8. Let m(r) be the first derivative of -r**3/3 + 7*r**2/2 + 17*r - 11. List the prime factors of m(t).
3
Let n(c) = 2*c - 5. Let z(m) = -3*m + 4. Let u(v) = -6*n(v) - 5*z(v). Let o be u(-4). What are the prime factors of o/(-12) + 775/30?
2, 13
Suppose v - 4*m = 14 + 57, 2*m + 223 = 3*v. Suppose 0 = 5*u + k - 510 + v, -3*u + 4*k + 284 = 0. What are the prime factors of u?
2, 11
Let n(x) = -3*x**2 + x - 9. Let h be n(5). Let p = h - -153. List the prime factors of p.
2, 37
Suppose -7*c = -101 - 137. Let m = 192 + c. What are the prime factors of m?
2, 113
Let v(g) = -279*g**3 + 0 - g**2 + g + 1 + 214*g**3. Let s be v(-1). Suppose -6*n + n + 4*h + 96 = 0, -s = -3*n - 4*h. List the prime factors of n.
2, 5
Suppose 70*h - 43968 = 58*h. List the prime factors of h.
2, 229
Suppose -2*i + 2*m + 3920 = 0, -i - 4*i - 2*m + 9807 = 0. List the prime factors of i.
37, 53
Let p = 2861 - -106. What are the prime factors of p?
3, 23, 43
Let d = -47 + 91. List the prime factors of d.
2, 11
Suppose c - 70 = d, d = 4*d + 3. Suppose -7*l + c = -4*l. What are the prime factors of l?
23
Let w be (-166)/(-7) - 4/(-14). Let z be 0 - (-1)/(2/8). What are the prime factors of (-2)/(-8)*z + w?
5
Suppose -5*l + 6*x - 2*x + 82 = 0, l + 2*x = 8. Let s be (-6 - -3)*3/((-27)/6). Suppose s*f - 3*f = -l. What are the prime factors of f?
2, 7
Let g(o) = o**3 + 4*o**2 - 9*o - 9. Let p be g(-6). Suppose -260 = -4*h - h. Let l = p + h. What are the prime factors of l?
5
Let q = -495 - -1606. List the prime factors of q.
11, 101
Let y(w) = 11*w**3 - 2*w**2 + 5*w - 5. Let g be y(2). Suppose 0 = 4*r - 5*f - 366, -2*f + 0*f = r - g. What are the prime factors of r?
89
Let t be 4 - (-158)/(-14) - 4/(-14). Let v = 51 + -72. Let s = t - v. What are the prime factors of s?
2, 7
Let l(c) = -c**3 - 7*c**2 - 13*c - 10. Let w(k) = k**3 + 7*k**2 + 12*k + 10. Let a(v) = -6*l(v) - 7*w(v). List the prime factors of a(-7).
2
L